e 83201 + 10348 = 5*t - 4*w, m = -t + 3*w + 18701. Is t composite?
False
Let z(x) = 115*x**2 + 31 - 24*x**2 + 44*x**2 - 26 + 24*x. Is z(-6) a composite number?
False
Suppose 0 = 3*f - 144 - 0. Is (-4)/3 - (-317968)/f prime?
False
Suppose 2*j + f + 15670 = 71050, 5*f - 110754 = -4*j. Let a = -15176 + j. Is a a prime number?
False
Suppose 3401409 = 120*z + 57*z. Is z prime?
False
Let d = -48 - -44. Let z be -14 - (1 + -3) - d. Let y(m) = 31*m**2 - 10*m - 26. Is y(z) prime?
False
Suppose -17*t - 8124 = -14*t. Let z = -1309 - t. Is z prime?
True
Let t be (-3)/((-12)/7540) - (-1 + 5). Suppose -16*s = -7*s - t. Is s prime?
False
Let f = -4870 + 5397. Is f a composite number?
True
Let n(f) = 2*f**3 - 12*f**2 + 11*f + 2. Let k = -19 - -26. Suppose k = -5*c + 6*c. Is n(c) prime?
False
Let l(b) = 0*b - 4*b + 5*b - 8*b + 113*b**2. Let h be l(4). Suppose h = 2*w + 278. Is w a prime number?
True
Suppose -6*v + 4*s + 4003211 = -v, 2*s - 800631 = -v. Is v a composite number?
True
Is (25898/4)/(22*21/924) a composite number?
True
Let w be (-12)/(-4) + (-658 - 2). Let k = 2330 + w. Is k a composite number?
True
Suppose 131*m - 507505 = 126*m. Is m composite?
False
Let n(w) = -175*w**3 + 33*w**2 - 83*w - 10. Is n(-11) a prime number?
True
Let f(l) = 2*l**2 - 12*l + 36. Let a be f(22). Let h = 1078 - a. Suppose -5*n + 4*c + 875 = 0, 4*c + h = 2*n - 0*c. Is n prime?
True
Let s = 2253 + -828. Suppose -5*o + s = -4280. Is o prime?
False
Suppose 0 = 5*q + 25 + 25. Let r(u) = u - 44*u - 17 - 80*u - 48*u. Is r(q) composite?
False
Let m(o) = 2*o**2 - 84*o + 2. Let t be m(42). Suppose t*y - 6098 = -7*v + 8*v, 5*y = 3*v + 15245. Is y a prime number?
True
Is 7*17/1309*2 + (-2553954)/(-22) a prime number?
True
Suppose 28*k + 1017821 = 44*k - 1721411. Is k prime?
False
Is 281940412/1116 - ((-1)/(-6))/(9/(-12)) prime?
False
Let g(s) = 1084*s + 1025. Is g(44) prime?
False
Let w = -471 + 265. Let q = w + 393. Is q composite?
True
Suppose -3*q + 1088 - 5414 = 0. Let s be (2 + 16)/((-21)/q). Suppose 0*n - n + 5*c + 398 = 0, 3*n = c + s. Is n composite?
True
Suppose -5*y - 4225 = -5*i, -4*y - 1105 = -5*i + 3118. Suppose 0 = 11*m + 631 + i. Let n = m + 217. Is n a composite number?
False
Suppose 0 = -5*a + 5*c + 17130, 0 = -2*a + 5*c + 1669 + 5171. Let d be (-104)/28 - -4 - (-17117)/(-7). Let t = a + d. Is t composite?
True
Let f be ((-1)/3)/((4 - -1)/45). Let t be (-1 + -4089)*3/f. Suppose 2*x - 4*x = w - t, -4*w = 4*x - 8172. Is x prime?
False
Let i(z) = 12199*z - 4. Let s be i(6). Suppose 13*w - 54905 = 10*w - 4*o, 4*w - 3*o - s = 0. Is w prime?
False
Let o(a) = -2*a**2 - 83*a + 682. Let m be o(7). Let g(k) = 95*k - 3 + 4 + 5. Is g(m) a composite number?
True
Let f = -678162 + 1210685. Is f a composite number?
False
Let u = 385 + -399. Is 2037 + 7/((-49)/u) a composite number?
False
Suppose -3*j - 7984 = -60100. Let n = j - 10783. Is n composite?
True
Let u(o) = -o**3 - 31*o**2 - 62*o - 33. Let z(q) = 2*q**2 + 22*q + 19. Let v be z(-8). Is u(v) composite?
False
Let u(j) = j**2 + 7*j + 10. Let z be u(-3). Suppose 4*v = v + 30. Is (-1 + 2459)*(z + v/4) prime?
True
Suppose 13*v + 119 = -63. Let n(f) = f**3 + 18*f**2 - 3*f + 12. Is n(v) composite?
True
Suppose p + 4*b = 6459, -6*p = -10*p - 5*b + 25880. Let g = p - 3328. Is g a composite number?
True
Let d(t) be the second derivative of t**5/20 - 11*t**4/6 + 11*t**3/3 - 10*t**2 + 6*t. Let y be d(21). Is (-3 - -1 - 2) + (1404 - y) a prime number?
True
Let r = 371 + -369. Is r/(-6) + (-49648)/(-48) - 3 a prime number?
True
Suppose -1775 = -4*f + 457. Let n = 1225 - f. Is n prime?
False
Suppose -94*n + 6791426 = -7632922 + 4541470. Is n a composite number?
False
Let y(x) = 3*x - 11. Let z be y(7). Suppose -85 = -z*m + 185. Let f = m + -13. Is f a prime number?
False
Let w be -9137*1 - -40*4/(-32). Let q = 20721 + w. Is q composite?
False
Let j = -14 - -16. Let x be -1 + -1 + j + 2. Is (11/x)/(5/790) a prime number?
False
Is 169602/24 + 81/36 a prime number?
True
Let i(w) = w**3 + 7*w**2 + 5*w - 3. Let n be i(-6). Suppose 3*x + 13077 = -n*a, 0 = -x + 3*x + 4*a + 8720. Let k = -3039 - x. Is k prime?
True
Let f(x) = 433*x**2 - 15*x - 303. Is f(26) prime?
False
Suppose -4*l - 14989 = -9*l - 2*s, -4*l + 12002 = -2*s. Is (-9 - -3) + 6 + l prime?
True
Let t(m) = -63*m - 111. Let a be t(40). Let s = 31136 + a. Is s prime?
False
Let p(b) = -2*b + 12. Let z = 1 - -8. Let y be p(z). Is (y/4)/((-33)/9218) a composite number?
False
Let i = -508 + 511. Suppose i*d + 5*z = -0*d + 17310, -9 = -3*z. Is d a composite number?
True
Let u = 48 + -43. Suppose -u*b + 9 = -11. Suppose b*a + a - 1495 = 0. Is a a prime number?
False
Let x(d) = d**3 - 12*d**2 + 9*d + 24. Let b be x(11). Suppose -5*n + b*y + 1131 = 0, -60 + 510 = 2*n - 2*y. Suppose 609 = 2*m + n. Is m prime?
True
Let l(m) = 62*m**2 - 4*m - 4. Let s be l(8). Is 1*(s - 15/(-3)) prime?
False
Is ((-33)/5)/(-11) - (-641046)/15 a prime number?
True
Let f be 5 - ((-4)/(-5) - 21/(-5)). Is 1153 - (-16 + 3) - (-5 - f) composite?
False
Let z(o) = 3*o - 353. Let w(k) = k. Let p(r) = -r**2 + 7*r - 10. Let q be p(4). Let v(i) = q*w(i) - z(i). Is v(0) prime?
True
Let s be (-36)/72*2*6 - (-13 - -2). Let i(d) be the first derivative of 126*d**2 - 7*d + 1. Is i(s) a composite number?
True
Let n be (-4461)/((-9)/(-3)) - 12/4. Let o be (234 - 1*-2)*9/(-4). Let s = o - n. Is s composite?
True
Let o(d) = 403*d**2 - d - 17. Suppose -3*k + 2*q = -3*q - 11, 4*q + 16 = 0. Is o(k) composite?
False
Let o(w) = -w**3 - 14*w**2 + 3. Let q be o(-14). Suppose -5*x - 5*z + q = -2, 3*x + 2*z = 0. Let b(y) = -287*y + 7. Is b(x) a composite number?
True
Suppose -5*w = 5, -5*w = 4*b - 96888 - 68799. Is b a composite number?
True
Let h = 2441 - -668. Suppose 4*t - 493 = -z, -h = -5*z - 5*t - 644. Is z a composite number?
True
Suppose -399*c = -306*c - 1816383. Is c composite?
False
Let k(l) = -7*l**2 + 48*l + 36. Let i be k(-16). Let u = 5581 + i. Is u a composite number?
True
Let j = 246 + -241. Suppose -21101 = -j*c + 28934. Is c a composite number?
False
Suppose 3*i - 3*n = 920745, -i - 671*n + 306921 = -675*n. Is i a prime number?
True
Let m be 4/3*1053309/58. Suppose 2*y + 10*c - m = 15*c, 0 = -y - 2*c + 12089. Is y a composite number?
False
Let r(m) = m**2 + 2*m - 82. Let n be r(7). Is -214*(n/2 - -4) a prime number?
False
Suppose h - 4*y + 4 = 0, 5*y + 12 = -4*h + h. Let w be (-1 - h)*(-3 - 1110/9). Is (-3)/(-6)*0 - w composite?
False
Let q(p) = 118*p + 5. Let k be q(-4). Let v = k - -1306. Is v prime?
True
Let s be (62 - 62)/(0 - -1 - 0). Suppose -4271 = -m + 7*a - 3*a, 5*m + 4*a - 21355 = s. Is m a composite number?
False
Suppose 75*b - 18580868 = 36244957. Is b prime?
False
Suppose 3*f + 2*g - 32188 = 0, -2*f - 827 = -2*g - 22289. Suppose f = 14*w - 35988. Is w composite?
True
Let l(q) = 12*q**2 - 163*q + 149. Is l(-74) a prime number?
False
Suppose 2*j + j + 24 = -2*m, -3*j - 24 = 5*m. Let r(c) = -324*c + 127. Is r(j) composite?
False
Suppose 586154 + 336565 = 21*k. Is k composite?
True
Suppose 0 = 7*n - 166 + 124. Is (1868/n)/(6/27) prime?
False
Let s(c) = c**3 + 3*c**2 + 9*c - 29. Let d = 72 - 25. Let j = d - 37. Is s(j) a composite number?
False
Suppose 68834400 = -168*c + 211978296. Is c prime?
False
Suppose 0 = -3*h - 3*g + 5736, -h + 3834 = h - 3*g. Let l be (-60)/18*1233/(-6). Let i = h - l. Is i prime?
True
Suppose 3*f = 2*z + 68, z + 4*f + 17 + 6 = 0. Let g = z + 45. Let a(l) = 124*l - 15. Is a(g) prime?
True
Let f = -429766 - -909053. Is f a composite number?
False
Is 9/81 + 18825638/117 prime?
True
Let z(m) = m**3 - 3*m - 2. Let v(j) = -656*j**3 - 6*j**2 + 10*j + 25. Let w(s) = -v(s) - 6*z(s). Is w(2) a prime number?
True
Let k(l) = l**3 - 67*l**2 + 201*l - 143. Is k(72) prime?
False
Suppose 5175*u = 5160*u + 2382105. Is u composite?
True
Suppose 7 = o + 11. Let h = o - -9. Suppose -5*q - 1795 = -h*a, 3*a - 2*q = 8*a - 1795. Is a prime?
True
Let f(l) = 10*l**3 + 97*l**2 + 9*l + 17. Is f(28) prime?
True
Suppose 605805 = 6*p + 6*p + 3*p. Is p a prime number?
True
Let f(h) = 2*h**3 + 6*h**2 - 9*h - 2. Let c be f(-4). Let p(u) = -3 - 4 + 6 + 131*u + 2. Is p(c) composite?
False
Is 10135101/11 + -18*(-25)/2475 a composite number?
False
Suppose -2*h = 4*f - 14000, -3478 = -203*f + 202*f + 5*h. Let k be (-8)/(-12) 